{"id":48,"date":"2023-08-21T01:04:43","date_gmt":"2023-08-21T01:04:43","guid":{"rendered":"https:\/\/rigolleau.com.ar\/?page_id=48"},"modified":"2023-09-25T03:38:46","modified_gmt":"2023-09-25T03:38:46","slug":"promocionales","status":"publish","type":"page","link":"https:\/\/www.rigolleau.com.ar\/index.php\/promocionales\/","title":{"rendered":"Promocionales"},"content":{"rendered":"\t\t<div data-elementor-type=\"wp-page\" data-elementor-id=\"48\" class=\"elementor elementor-48\" data-elementor-post-type=\"page\">\n\t\t\t\t<div class=\"elementor-element elementor-element-148250f e-con-full e-flex e-con e-parent\" data-id=\"148250f\" data-element_type=\"container\" data-e-type=\"container\">\n\t\t<div class=\"elementor-element elementor-element-bb111c8 e-con-full e-flex e-con e-child\" data-id=\"bb111c8\" data-element_type=\"container\" data-e-type=\"container\" data-settings=\"{&quot;background_background&quot;:&quot;classic&quot;}\">\n\t\t<div class=\"elementor-element elementor-element-c02426d e-flex e-con-boxed e-con e-child\" data-id=\"c02426d\" data-element_type=\"container\" data-e-type=\"container\">\n\t\t\t\t\t<div class=\"e-con-inner\">\n\t\t\t\t\t<\/div>\n\t\t\t\t<\/div>\n\t\t<div class=\"elementor-element elementor-element-fb7ef70 elementor-hidden-tablet elementor-hidden-mobile e-flex e-con-boxed e-con e-child\" data-id=\"fb7ef70\" data-element_type=\"container\" data-e-type=\"container\">\n\t\t\t\t\t<div class=\"e-con-inner\">\n\t\t\t\t\t<\/div>\n\t\t\t\t<\/div>\n\t\t\t\t<\/div>\n\t\t<div class=\"elementor-element elementor-element-3b81cc0 e-flex e-con-boxed e-con e-child\" data-id=\"3b81cc0\" data-element_type=\"container\" data-e-type=\"container\" data-settings=\"{&quot;position&quot;:&quot;absolute&quot;}\">\n\t\t\t\t\t<div class=\"e-con-inner\">\n\t\t<div class=\"elementor-element elementor-element-eabb0e5 e-flex e-con-boxed e-con e-child\" data-id=\"eabb0e5\" data-element_type=\"container\" data-e-type=\"container\">\n\t\t\t\t\t<div class=\"e-con-inner\">\n\t\t<div class=\"elementor-element elementor-element-a13be2e e-flex e-con-boxed e-con e-child\" data-id=\"a13be2e\" data-element_type=\"container\" data-e-type=\"container\">\n\t\t\t\t\t<div class=\"e-con-inner\">\n\t\t\t\t<div class=\"elementor-element elementor-element-c4ccff1 elementor-widget elementor-widget-heading\" data-id=\"c4ccff1\" data-element_type=\"widget\" data-e-type=\"widget\" data-widget_type=\"heading.default\">\n\t\t\t\t<div class=\"elementor-widget-container\">\n\t\t\t\t\t<h1 class=\"elementor-heading-title elementor-size-default\">Promocionales<\/h1>\t\t\t\t<\/div>\n\t\t\t\t<\/div>\n\t\t\t\t<div class=\"elementor-element elementor-element-a1b5438 elementor-widget-divider--view-line elementor-widget elementor-widget-divider\" data-id=\"a1b5438\" data-element_type=\"widget\" data-e-type=\"widget\" data-widget_type=\"divider.default\">\n\t\t\t\t<div class=\"elementor-widget-container\">\n\t\t\t\t\t\t\t<div class=\"elementor-divider\">\n\t\t\t<span class=\"elementor-divider-separator\">\n\t\t\t\t\t\t<\/span>\n\t\t<\/div>\n\t\t\t\t\t\t<\/div>\n\t\t\t\t<\/div>\n\t\t\t\t<div class=\"elementor-element elementor-element-75377c2 elementor-widget elementor-widget-heading\" data-id=\"75377c2\" data-element_type=\"widget\" data-e-type=\"widget\" data-widget_type=\"heading.default\">\n\t\t\t\t<div class=\"elementor-widget-container\">\n\t\t\t\t\t<p class=\"elementor-heading-title elementor-size-default\">Brindamos diferentes posibilidades para personalizar tu producto, con amplia gama de procesos y pinturas.<\/p>\t\t\t\t<\/div>\n\t\t\t\t<\/div>\n\t\t\t\t\t<\/div>\n\t\t\t\t<\/div>\n\t\t\t\t\t<\/div>\n\t\t\t\t<\/div>\n\t\t<div class=\"elementor-element elementor-element-2c3f59f elementor-hidden-tablet elementor-hidden-mobile e-flex e-con-boxed e-con e-child\" data-id=\"2c3f59f\" data-element_type=\"container\" data-e-type=\"container\">\n\t\t\t\t\t<div class=\"e-con-inner\">\n\t\t\t\t\t<\/div>\n\t\t\t\t<\/div>\n\t\t\t\t\t<\/div>\n\t\t\t\t<\/div>\n\t\t\t\t<\/div>\n\t\t<div class=\"elementor-element elementor-element-166f990 e-flex e-con-boxed e-con e-parent\" data-id=\"166f990\" data-element_type=\"container\" data-e-type=\"container\">\n\t\t\t\t\t<div class=\"e-con-inner\">\n\t\t<div class=\"elementor-element elementor-element-9004310 e-flex e-con-boxed e-con e-child\" data-id=\"9004310\" data-element_type=\"container\" data-e-type=\"container\" data-settings=\"{&quot;background_background&quot;:&quot;classic&quot;}\">\n\t\t\t\t\t<div class=\"e-con-inner\">\n\t\t\t\t<div class=\"elementor-element elementor-element-4625dac elementor-widget elementor-widget-heading\" data-id=\"4625dac\" data-element_type=\"widget\" data-e-type=\"widget\" data-widget_type=\"heading.default\">\n\t\t\t\t<div class=\"elementor-widget-container\">\n\t\t\t\t\t<h2 class=\"elementor-heading-title elementor-size-default\">La acci\u00f3n promocional llevada a cabo mediante la entrega de un producto complementario es siempre una buena manera de acercarnos\u00a0 al consumidor. <\/h2>\t\t\t\t<\/div>\n\t\t\t\t<\/div>\n\t\t\t\t<div class=\"elementor-element elementor-element-df2d3b6 elementor-widget elementor-widget-text-editor\" data-id=\"df2d3b6\" data-element_type=\"widget\" data-e-type=\"widget\" data-widget_type=\"text-editor.default\">\n\t\t\t\t<div class=\"elementor-widget-container\">\n\t\t\t\t\t\t\t\t\t<p>La acci\u00f3n promocional llevada a cabo mediante la entrega de un producto complementario es siempre una buena manera de acercarnos al consumidor. Mediante la misma se logra un fuerte reconocimiento de la marca, as\u00ed como tambi\u00e9n recordaci\u00f3n y fidelidad, adem\u00e1s de jugar un papel muy importante en la decisi\u00f3n del consumidor a la hora de elegir un producto determinado.<\/p><p>Rigolleau ofrece diferentes opciones de desarrollo de productos a medida del cliente, como tambi\u00e9n distintas posibilidades de decoraci\u00f3n sobre una amplia gama de nuestros productos tales como vasos, chops, platos, botellas, viales, etc. Tambi\u00e9n, nos permite decorar sobre el cuerpo de las ampollas e imprimir anillos de colores en estrangulaci\u00f3n y ca\u00f1a de las mismas, hasta un m\u00e1ximo de tres anillos.<\/p><p>Comun\u00edquese con nuestro departamento de ventas y lo ayudaremos a encontrar la opci\u00f3n que m\u00e1s se ajuste a sus necesidades.<\/p>\t\t\t\t\t\t\t\t<\/div>\n\t\t\t\t<\/div>\n\t\t<div class=\"elementor-element elementor-element-0a287f4 e-flex e-con-boxed e-con e-child\" data-id=\"0a287f4\" data-element_type=\"container\" data-e-type=\"container\" data-settings=\"{&quot;background_background&quot;:&quot;gradient&quot;}\">\n\t\t\t\t\t<div class=\"e-con-inner\">\n\t\t<div class=\"elementor-element elementor-element-8a067be e-flex e-con-boxed e-con e-child\" data-id=\"8a067be\" data-element_type=\"container\" data-e-type=\"container\">\n\t\t\t\t\t<div class=\"e-con-inner\">\n\t\t\t\t<div class=\"elementor-element elementor-element-bf47ebc elementor-position-inline-start elementor-mobile-position-inline-start elementor-widget-mobile__width-inherit elementor-view-default elementor-widget elementor-widget-global elementor-global-912 elementor-widget-icon-box\" data-id=\"bf47ebc\" data-element_type=\"widget\" data-e-type=\"widget\" data-widget_type=\"icon-box.default\">\n\t\t\t\t<div class=\"elementor-widget-container\">\n\t\t\t\t\t\t\t<div class=\"elementor-icon-box-wrapper\">\n\n\t\t\t\t\t\t<div class=\"elementor-icon-box-icon\">\n\t\t\t\t<a href=\"https:\/\/www.rigolleau.com.ar\/index.php\/contacto\/\" class=\"elementor-icon\" tabindex=\"-1\" aria-label=\"+54 11 4256-2010\">\n\t\t\t\t<svg xmlns=\"http:\/\/www.w3.org\/2000\/svg\" width=\"45\" height=\"42\" viewBox=\"0 0 45 42\"><path d=\"M39.55 14H38.052C37.1788 6.13637 30.4929 0 22.4 0C14.3071 0 7.62125 6.13637 6.748 14H5.25C2.3555 14 0 16.3555 0 19.25V26.25C0 29.1445 2.3555 31.5 5.25 31.5H8.4C9.36688 31.5 10.15 30.7169 10.15 29.75V15.75C10.15 8.995 15.645 3.5 22.4 3.5C29.155 3.5 34.65 8.995 34.65 15.75V29.75C34.65 32.6445 32.2945 35 29.4 35H27.349C26.6263 32.963 24.6811 31.5 22.4 31.5C19.5055 31.5 17.15 33.8555 17.15 36.75C17.15 39.6445 19.5055 42 22.4 42C24.6811 42 26.6263 40.537 27.349 38.5H29.4C33.6254 38.5 37.1613 35.4891 37.9741 31.5H39.55C42.4445 31.5 44.8 29.1445 44.8 26.25V19.25C44.8 16.3555 42.4445 14 39.55 14ZM6.65 28H5.25C4.28488 28 3.5 27.2151 3.5 26.25V19.25C3.5 18.2849 4.28488 17.5 5.25 17.5H6.65V28ZM22.4 38.5C21.4349 38.5 20.65 37.7151 20.65 36.75C20.65 35.7849 21.4349 35 22.4 35C23.3651 35 24.15 35.7849 24.15 36.75C24.15 37.7151 23.3651 38.5 22.4 38.5ZM41.3 26.25C41.3 27.2151 40.5151 28 39.55 28H38.15V17.5H39.55C40.5151 17.5 41.3 18.2849 41.3 19.25V26.25Z\"><\/path><\/svg>\t\t\t\t<\/a>\n\t\t\t<\/div>\n\t\t\t\n\t\t\t\t\t\t<div class=\"elementor-icon-box-content\">\n\n\t\t\t\t\t\t\t\t\t<h3 class=\"elementor-icon-box-title\">\n\t\t\t\t\t\t<a href=\"https:\/\/www.rigolleau.com.ar\/index.php\/contacto\/\" >\n\t\t\t\t\t\t\t+54 11 4256-2010\t\t\t\t\t\t<\/a>\n\t\t\t\t\t<\/h3>\n\t\t\t\t\n\t\t\t\t\t\t\t\t\t<p class=\"elementor-icon-box-description\">\n\t\t\t\t\t\tComun\u00edcate con nosotros\t\t\t\t\t<\/p>\n\t\t\t\t\n\t\t\t<\/div>\n\t\t\t\n\t\t<\/div>\n\t\t\t\t\t\t<\/div>\n\t\t\t\t<\/div>\n\t\t\t\t\t<\/div>\n\t\t\t\t<\/div>\n\t\t\t\t<div class=\"elementor-element elementor-element-47832a8 elementor-widget elementor-widget-image\" data-id=\"47832a8\" data-element_type=\"widget\" data-e-type=\"widget\" data-widget_type=\"image.default\">\n\t\t\t\t<div class=\"elementor-widget-container\">\n\t\t\t\t\t\t\t\t\t\t\t\t\t\t\t<img fetchpriority=\"high\" decoding=\"async\" width=\"349\" height=\"410\" src=\"https:\/\/www.rigolleau.com.ar\/wp-content\/uploads\/2023\/08\/imagen-promocionales.png\" class=\"attachment-large size-large wp-image-530\" alt=\"\" srcset=\"https:\/\/www.rigolleau.com.ar\/wp-content\/uploads\/2023\/08\/imagen-promocionales.png 349w, https:\/\/www.rigolleau.com.ar\/wp-content\/uploads\/2023\/08\/imagen-promocionales-255x300.png 255w\" sizes=\"(max-width: 349px) 100vw, 349px\" \/>\t\t\t\t\t\t\t\t\t\t\t\t\t\t\t<\/div>\n\t\t\t\t<\/div>\n\t\t\t\t\t<\/div>\n\t\t\t\t<\/div>\n\t\t\t\t\t<\/div>\n\t\t\t\t<\/div>\n\t\t\t\t\t<\/div>\n\t\t\t\t<\/div>\n\t\t\t\t<\/div>\n\t\t","protected":false},"excerpt":{"rendered":"<p>Promocionales Brindamos diferentes posibilidades para personalizar tu producto, con amplia gama de procesos y pinturas. La acci\u00f3n promocional llevada a cabo mediante la entrega de un producto complementario es siempre una buena manera de acercarnos\u00a0 al consumidor. La acci\u00f3n promocional llevada a cabo mediante la entrega de un producto complementario es siempre una buena manera [&hellip;]<\/p>\n","protected":false},"author":1,"featured_media":0,"parent":0,"menu_order":140,"comment_status":"closed","ping_status":"closed","template":"","meta":{"_acf_changed":false,"footnotes":""},"class_list":["post-48","page","type-page","status-publish","hentry"],"acf":[],"yoast_head":"<!-- This site is optimized with the Yoast SEO plugin v27.4 - https:\/\/yoast.com\/product\/yoast-seo-wordpress\/ -->\n<title>Promocionales - Rigolleau<\/title>\n<meta name=\"robots\" content=\"index, follow, max-snippet:-1, max-image-preview:large, max-video-preview:-1\" \/>\n<link rel=\"canonical\" href=\"https:\/\/www.rigolleau.com.ar\/index.php\/promocionales\/\" \/>\n<meta property=\"og:locale\" content=\"es_ES\" \/>\n<meta property=\"og:type\" content=\"article\" \/>\n<meta property=\"og:title\" content=\"Promocionales - Rigolleau\" \/>\n<meta property=\"og:description\" content=\"Promocionales Brindamos diferentes posibilidades para personalizar tu producto, con amplia gama de procesos y pinturas. La acci\u00f3n promocional llevada a cabo mediante la entrega de un producto complementario es siempre una buena manera de acercarnos\u00a0 al consumidor. La acci\u00f3n promocional llevada a cabo mediante la entrega de un producto complementario es siempre una buena manera [&hellip;]\" \/>\n<meta property=\"og:url\" content=\"https:\/\/www.rigolleau.com.ar\/index.php\/promocionales\/\" \/>\n<meta property=\"og:site_name\" content=\"Rigolleau\" \/>\n<meta property=\"article:publisher\" content=\"https:\/\/www.facebook.com\/people\/Rigolleau\/100070676282400\/\" \/>\n<meta property=\"article:modified_time\" content=\"2023-09-25T03:38:46+00:00\" \/>\n<meta property=\"og:image\" content=\"https:\/\/rigolleau.com.ar\/wp-content\/uploads\/2023\/08\/imagen-promocionales.png\" \/>\n<meta name=\"twitter:card\" content=\"summary_large_image\" \/>\n<meta name=\"twitter:label1\" content=\"Tiempo de lectura\" \/>\n\t<meta name=\"twitter:data1\" content=\"2 minutos\" \/>\n<script type=\"application\/ld+json\" class=\"yoast-schema-graph\">{\"@context\":\"https:\\\/\\\/schema.org\",\"@graph\":[{\"@type\":\"WebPage\",\"@id\":\"https:\\\/\\\/www.rigolleau.com.ar\\\/index.php\\\/promocionales\\\/\",\"url\":\"https:\\\/\\\/www.rigolleau.com.ar\\\/index.php\\\/promocionales\\\/\",\"name\":\"Promocionales - Rigolleau\",\"isPartOf\":{\"@id\":\"https:\\\/\\\/www.rigolleau.com.ar\\\/#website\"},\"primaryImageOfPage\":{\"@id\":\"https:\\\/\\\/www.rigolleau.com.ar\\\/index.php\\\/promocionales\\\/#primaryimage\"},\"image\":{\"@id\":\"https:\\\/\\\/www.rigolleau.com.ar\\\/index.php\\\/promocionales\\\/#primaryimage\"},\"thumbnailUrl\":\"https:\\\/\\\/rigolleau.com.ar\\\/wp-content\\\/uploads\\\/2023\\\/08\\\/imagen-promocionales.png\",\"datePublished\":\"2023-08-21T01:04:43+00:00\",\"dateModified\":\"2023-09-25T03:38:46+00:00\",\"breadcrumb\":{\"@id\":\"https:\\\/\\\/www.rigolleau.com.ar\\\/index.php\\\/promocionales\\\/#breadcrumb\"},\"inLanguage\":\"es-AR\",\"potentialAction\":[{\"@type\":\"ReadAction\",\"target\":[\"https:\\\/\\\/www.rigolleau.com.ar\\\/index.php\\\/promocionales\\\/\"]}]},{\"@type\":\"ImageObject\",\"inLanguage\":\"es-AR\",\"@id\":\"https:\\\/\\\/www.rigolleau.com.ar\\\/index.php\\\/promocionales\\\/#primaryimage\",\"url\":\"https:\\\/\\\/rigolleau.com.ar\\\/wp-content\\\/uploads\\\/2023\\\/08\\\/imagen-promocionales.png\",\"contentUrl\":\"https:\\\/\\\/rigolleau.com.ar\\\/wp-content\\\/uploads\\\/2023\\\/08\\\/imagen-promocionales.png\"},{\"@type\":\"BreadcrumbList\",\"@id\":\"https:\\\/\\\/www.rigolleau.com.ar\\\/index.php\\\/promocionales\\\/#breadcrumb\",\"itemListElement\":[{\"@type\":\"ListItem\",\"position\":1,\"name\":\"Portada\",\"item\":\"https:\\\/\\\/www.rigolleau.com.ar\\\/\"},{\"@type\":\"ListItem\",\"position\":2,\"name\":\"Promocionales\"}]},{\"@type\":\"WebSite\",\"@id\":\"https:\\\/\\\/www.rigolleau.com.ar\\\/#website\",\"url\":\"https:\\\/\\\/www.rigolleau.com.ar\\\/\",\"name\":\"Rigolleau\",\"description\":\"S\u00edmbolo del Vidrio\",\"publisher\":{\"@id\":\"https:\\\/\\\/www.rigolleau.com.ar\\\/#organization\"},\"potentialAction\":[{\"@type\":\"SearchAction\",\"target\":{\"@type\":\"EntryPoint\",\"urlTemplate\":\"https:\\\/\\\/www.rigolleau.com.ar\\\/?s={search_term_string}\"},\"query-input\":{\"@type\":\"PropertyValueSpecification\",\"valueRequired\":true,\"valueName\":\"search_term_string\"}}],\"inLanguage\":\"es-AR\"},{\"@type\":\"Organization\",\"@id\":\"https:\\\/\\\/www.rigolleau.com.ar\\\/#organization\",\"name\":\"Rigolleau S.A.\",\"url\":\"https:\\\/\\\/www.rigolleau.com.ar\\\/\",\"logo\":{\"@type\":\"ImageObject\",\"inLanguage\":\"es-AR\",\"@id\":\"https:\\\/\\\/www.rigolleau.com.ar\\\/#\\\/schema\\\/logo\\\/image\\\/\",\"url\":\"https:\\\/\\\/www.rigolleau.com.ar\\\/wp-content\\\/uploads\\\/2023\\\/07\\\/rigolleau-logo.png\",\"contentUrl\":\"https:\\\/\\\/www.rigolleau.com.ar\\\/wp-content\\\/uploads\\\/2023\\\/07\\\/rigolleau-logo.png\",\"width\":730,\"height\":386,\"caption\":\"Rigolleau S.A.\"},\"image\":{\"@id\":\"https:\\\/\\\/www.rigolleau.com.ar\\\/#\\\/schema\\\/logo\\\/image\\\/\"},\"sameAs\":[\"https:\\\/\\\/www.facebook.com\\\/people\\\/Rigolleau\\\/100070676282400\\\/\",\"https:\\\/\\\/www.instagram.com\\\/rigolleau.s.a\\\/?hl=es\",\"https:\\\/\\\/ar.linkedin.com\\\/company\\\/rigolleau-s.a.\"]}]}<\/script>\n<!-- \/ Yoast SEO plugin. -->","yoast_head_json":{"title":"Promocionales - Rigolleau","robots":{"index":"index","follow":"follow","max-snippet":"max-snippet:-1","max-image-preview":"max-image-preview:large","max-video-preview":"max-video-preview:-1"},"canonical":"https:\/\/www.rigolleau.com.ar\/index.php\/promocionales\/","og_locale":"es_ES","og_type":"article","og_title":"Promocionales - Rigolleau","og_description":"Promocionales Brindamos diferentes posibilidades para personalizar tu producto, con amplia gama de procesos y pinturas. La acci\u00f3n promocional llevada a cabo mediante la entrega de un producto complementario es siempre una buena manera de acercarnos\u00a0 al consumidor. La acci\u00f3n promocional llevada a cabo mediante la entrega de un producto complementario es siempre una buena manera [&hellip;]","og_url":"https:\/\/www.rigolleau.com.ar\/index.php\/promocionales\/","og_site_name":"Rigolleau","article_publisher":"https:\/\/www.facebook.com\/people\/Rigolleau\/100070676282400\/","article_modified_time":"2023-09-25T03:38:46+00:00","og_image":[{"url":"https:\/\/rigolleau.com.ar\/wp-content\/uploads\/2023\/08\/imagen-promocionales.png","type":"","width":"","height":""}],"twitter_card":"summary_large_image","twitter_misc":{"Tiempo de lectura":"2 minutos"},"schema":{"@context":"https:\/\/schema.org","@graph":[{"@type":"WebPage","@id":"https:\/\/www.rigolleau.com.ar\/index.php\/promocionales\/","url":"https:\/\/www.rigolleau.com.ar\/index.php\/promocionales\/","name":"Promocionales - Rigolleau","isPartOf":{"@id":"https:\/\/www.rigolleau.com.ar\/#website"},"primaryImageOfPage":{"@id":"https:\/\/www.rigolleau.com.ar\/index.php\/promocionales\/#primaryimage"},"image":{"@id":"https:\/\/www.rigolleau.com.ar\/index.php\/promocionales\/#primaryimage"},"thumbnailUrl":"https:\/\/rigolleau.com.ar\/wp-content\/uploads\/2023\/08\/imagen-promocionales.png","datePublished":"2023-08-21T01:04:43+00:00","dateModified":"2023-09-25T03:38:46+00:00","breadcrumb":{"@id":"https:\/\/www.rigolleau.com.ar\/index.php\/promocionales\/#breadcrumb"},"inLanguage":"es-AR","potentialAction":[{"@type":"ReadAction","target":["https:\/\/www.rigolleau.com.ar\/index.php\/promocionales\/"]}]},{"@type":"ImageObject","inLanguage":"es-AR","@id":"https:\/\/www.rigolleau.com.ar\/index.php\/promocionales\/#primaryimage","url":"https:\/\/rigolleau.com.ar\/wp-content\/uploads\/2023\/08\/imagen-promocionales.png","contentUrl":"https:\/\/rigolleau.com.ar\/wp-content\/uploads\/2023\/08\/imagen-promocionales.png"},{"@type":"BreadcrumbList","@id":"https:\/\/www.rigolleau.com.ar\/index.php\/promocionales\/#breadcrumb","itemListElement":[{"@type":"ListItem","position":1,"name":"Portada","item":"https:\/\/www.rigolleau.com.ar\/"},{"@type":"ListItem","position":2,"name":"Promocionales"}]},{"@type":"WebSite","@id":"https:\/\/www.rigolleau.com.ar\/#website","url":"https:\/\/www.rigolleau.com.ar\/","name":"Rigolleau","description":"S\u00edmbolo del Vidrio","publisher":{"@id":"https:\/\/www.rigolleau.com.ar\/#organization"},"potentialAction":[{"@type":"SearchAction","target":{"@type":"EntryPoint","urlTemplate":"https:\/\/www.rigolleau.com.ar\/?s={search_term_string}"},"query-input":{"@type":"PropertyValueSpecification","valueRequired":true,"valueName":"search_term_string"}}],"inLanguage":"es-AR"},{"@type":"Organization","@id":"https:\/\/www.rigolleau.com.ar\/#organization","name":"Rigolleau S.A.","url":"https:\/\/www.rigolleau.com.ar\/","logo":{"@type":"ImageObject","inLanguage":"es-AR","@id":"https:\/\/www.rigolleau.com.ar\/#\/schema\/logo\/image\/","url":"https:\/\/www.rigolleau.com.ar\/wp-content\/uploads\/2023\/07\/rigolleau-logo.png","contentUrl":"https:\/\/www.rigolleau.com.ar\/wp-content\/uploads\/2023\/07\/rigolleau-logo.png","width":730,"height":386,"caption":"Rigolleau S.A."},"image":{"@id":"https:\/\/www.rigolleau.com.ar\/#\/schema\/logo\/image\/"},"sameAs":["https:\/\/www.facebook.com\/people\/Rigolleau\/100070676282400\/","https:\/\/www.instagram.com\/rigolleau.s.a\/?hl=es","https:\/\/ar.linkedin.com\/company\/rigolleau-s.a."]}]}},"_links":{"self":[{"href":"https:\/\/www.rigolleau.com.ar\/index.php\/wp-json\/wp\/v2\/pages\/48","targetHints":{"allow":["GET"]}}],"collection":[{"href":"https:\/\/www.rigolleau.com.ar\/index.php\/wp-json\/wp\/v2\/pages"}],"about":[{"href":"https:\/\/www.rigolleau.com.ar\/index.php\/wp-json\/wp\/v2\/types\/page"}],"author":[{"embeddable":true,"href":"https:\/\/www.rigolleau.com.ar\/index.php\/wp-json\/wp\/v2\/users\/1"}],"replies":[{"embeddable":true,"href":"https:\/\/www.rigolleau.com.ar\/index.php\/wp-json\/wp\/v2\/comments?post=48"}],"version-history":[{"count":49,"href":"https:\/\/www.rigolleau.com.ar\/index.php\/wp-json\/wp\/v2\/pages\/48\/revisions"}],"predecessor-version":[{"id":2314,"href":"https:\/\/www.rigolleau.com.ar\/index.php\/wp-json\/wp\/v2\/pages\/48\/revisions\/2314"}],"wp:attachment":[{"href":"https:\/\/www.rigolleau.com.ar\/index.php\/wp-json\/wp\/v2\/media?parent=48"}],"curies":[{"name":"wp","href":"https:\/\/api.w.org\/{rel}","templated":true}]}}